**2 - 2. Let m be h(0). Let n(s) = -5*s + 4 + 1 - 8. Let a(j) = m*n(j) + 9*t(j). What is a(4)?
1
Let h(b) = -b**3 + 6*b**2 + 2. Let y(w) = -4*w**3 + 19*w**2 + 7. Let f(n) = -7*h(n) + 2*y(n). Calculate f(-4).
0
Let o(p) be the second derivative of -p**4/12 + p**3/6 - 5*p**2 - p. Suppose 4*q + 13 - 4 = -3*b, -6 = 4*q + 2*b. Give o(q).
-10
Let s(n) = -n**2 - n + 2. Suppose -4*d - 3 + 23 = 0. Let b be (-1)/d + 98/(-35). Determine s(b).
-4
Let b be ((-69)/(-21) - 3) + (-2)/56. Let p(o) be the first derivative of 2 - 3*o + o**2 + b*o**4 - o**3. Calculate p(3).
3
Let q(n) = -n + 2. Let o(v) = -2*v + 3. Let p(g) = o(g) - 3*q(g). What is p(6)?
3
Let j(s) be the second derivative of -s**4/12 + s**3/6 + 5*s**2 - 10*s. Calculate j(0).
10
Let p be (1/3 - (-14)/42)*3. Suppose 4*m - 7 = 1. Let y(l) = -3*l**2 + 4*l**m - 2 + 2*l**2 - 2*l. What is y(p)?
6
Let w(v) = -v**2 - 3. Let h = -14 - -12. Let r = 2 + h. Calculate w(r).
-3
Let k = 10 - 7. Suppose 2*l - 6*l = 20, -k*u + 4*l = -29. Let r(m) = -m**3 + 3*m**2 + m + 2. Give r(u).
5
Let i(a) be the third derivative of a**5/60 - 2*a**4/3 + 7*a**3/3 + 6*a**2. Let d be i(15). Let h(q) = -6*q**2 + 2 + q**2 - 1. Determine h(d).
-4
Let w(n) = n**2 - 4. Suppose -3*g + 4*g = 4*u - 4, 5*u = -g - 4. Determine w(u).
-4
Let f(k) be the first derivative of k**4 - k**2/2 + 4. Determine f(1).
3
Suppose a - 4 = 5*t - 4*t, -10 = -5*a - 5*t. Let j(r) = 4*r**2 + 2*r + 2*r**2 - 7*r**2 + 2*r. Determine j(a).
3
Let q(t) = -2 - 5*t**2 + 0 - 6*t + t**3 - 3 + 0. Let l be (-8)/20 + (-56)/10. Let j be ((-4)/l)/((-5)/(-45)). Determine q(j).
-5
Let s(z) = -2 + 11*z + 10*z - 20*z. Determine s(6).
4
Let u(k) = 2*k**3 - k**2. Let f(z) = -z + 18. Let w be f(16). Give u(w).
12
Suppose 5*h - 7 = 13. Let s(t) be the second derivative of t**5/20 - 5*t**4/12 + t**3/2 - 2*t**2 - 3*t. Determine s(h).
-8
Let a = 11 - 9. Let q(b) = 3*b**2 - 6*b + b**2 - a + b**3 + 3. Determine q(-5).
6
Let h(i) = 8*i - 6. Let p(l) = l - 1. Let s(n) = -h(n) + 3*p(n). Determine s(-3).
18
Suppose -3*z - 4*q + 18 = 0, 5*z = 2*q + q + 1. Let l(t) = 10 - 6 - t**z + 3 - 4*t. Calculate l(-6).
-5
Let x = -55 - -60. Let a(d) be the second derivative of 5/12*d**4 + 0 + d + 5/2*d**2 + 5/6*d**3 + 1/20*d**x. Calculate a(-4).
1
Let g(d) be the first derivative of d**5/60 - d**4/8 - d**3 - 3*d**2/2 + 4. Let w(i) be the second derivative of g(i). Give w(5).
4
Suppose -2*i + 6 = 4*r, 8*i - 3*i = -2*r - 1. Let u = 6 + -5. Let w(p) = u - 3*p**3 + 2*p**3 - 3*p + 3*p + 2*p**2. Calculate w(r).
1
Let p(u) = -5 + 0*u + 3 - 3 + 5*u**2 - u**3 - 3*u. Suppose h - 15 = -4*t, -2*h = -4*t + 19 - 1. Give p(t).
-1
Suppose d - 5*x = -3*d - 40, -2*d - 26 = -4*x. Let h(r) = 5 - 14 + r - 3*r + r. Give h(d).
-4
Let b(u) = -u**3 - 5*u**2 - 6. Let d be ((-12)/2 + (-4)/1)/2. What is b(d)?
-6
Suppose -4*h - 1 = 15. Let c = -1 + 5. Let n(g) = -g**2 + c*g + 3 - 5 + 2*g**2 + 1. Calculate n(h).
-1
Let m(z) be the first derivative of -z**2/2 - 3*z - 16. Let j(a) = -a**3 - a**2 + a + 2. Let d be j(0). Let c(l) = -l**2 + 2*l - 3. Let h be c(d). What is m(h)?
0
Let t = 7 + -5. Let r(u) = -6*u + 3*u**2 - 2*u**t - 5 + 9 + u. What is r(5)?
4
Let c(o) be the first derivative of o**4/4 - o**3 + 2*o + 39. Give c(-2).
-18
Let r(n) = -2*n - 2 + 5*n - 4*n. Let b = 0 - -2. Let v(i) = i**2 - 3*i - 1. Let h be v(b). Determine r(h).
1
Let v = -34 + 28. Let a(y) = -y - 1. Let q(k) = k - 2. Let b(x) = -2*a(x) - q(x). Calculate b(v).
-2
Let r(c) = 3 - 2*c + 0*c - 4. Let o = -3 - -2. What is r(o)?
1
Let i be 10 - -4*2/(-4). Let g = -5 + i. Let q(d) = d + 4*d**2 + d**g + 4 + 2 - 3*d**2. Give q(0).
6
Let k(r) = 9*r + 1. Let i = -23 + 14. Let n = i + 13. Let a(y) = y - 5. Let j be a(n). What is k(j)?
-8
Suppose -h - 20 = -6*h. Let y(t) = -2*t**2 + 7*t**2 + 0*t**3 - 5*t - t**3. What is y(h)?
-4
Let m(o) = 2*o - 1. Let v be 8*(-1)/8*-2. Suppose -4 = 2*z - v. Calculate m(z).
-3
Let g(z) be the second derivative of -5*z**4/12 + z**3/3 - z**2/2 + 42*z. Determine g(1).
-4
Let c(b) = -b**3 - b - 2. Let s be -2 - 0 - (-2 - 2). Calculate c(s).
-12
Let w be -1*2*-2*1. Let g(c) = 22 - 2*c - 38 + 15. What is g(w)?
-9
Let b(n) = -10 + 11 - 11*n + 9*n. Determine b(5).
-9
Let j(m) = 5*m**2 + 2*m - 17. Let y(n) = 2*n**2 + 2*n - 8. Let a(o) = -3*j(o) + 7*y(o). Determine a(7).
2
Let y = -25 - -27. Let i(t) = -5 - 1 + 4 + y*t. What is i(6)?
10
Let u(k) = -3 + k**2 + 5*k + 6 + k. Determine u(-6).
3
Let f(p) = 3*p + p**3 - 10*p**2 + 2 + 0 + 5*p**2. What is f(4)?
-2
Let y(s) = -s - 6. Let j be y(-5). Let k = 23 + -14. Let a be j + 1 - (4 - k). Let u(x) = -x**2 + 4*x - 3. Determine u(a).
-8
Let j(a) be the first derivative of a**2 + a + 1. Give j(-1).
-1
Let f be 1 + (-133)/(-14) + (-6)/4. Let z(o) = -o**2 + 9*o + 9. Give z(f).
9
Let c(m) = 2*m**3 - m - 1. Let b(l) = -l**2 - 8*l + 11. Let j be b(-9). Give c(j).
13
Let b(m) = -2*m**3 + 2*m**2 + m. Let p be b(-1). Suppose -28 = p*a - 5*i, a + i + 8 = 2*i. Let u(z) = 2*z + 9. Determine u(a).
-3
Let f(r) = 7*r**2 + r. Let k be f(-2). Suppose -4*w - k = -3*l, -5*l + 25 = -4*w - 5. Let t(v) = -v**2 - 6*v - 7. Determine t(w).
-2
Let b(u) = 1 + 2*u**2 - 4*u**2 - 2*u + u**2. Suppose 2*w + 4 = 3*w. Let f = w - 6. Give b(f).
1
Let z(m) = -m. Let n(f) = -2 - 5*f + f**2 - 6*f + 6. Let a be n(10). Give z(a).
6
Let d(n) = -n**3 + 7*n**2 + n - 7. Let j = -54 - -61. What is d(j)?
0
Let k be -8 - -2 - (1 + 0). Let o(v) = -2*v**3 - 7 - 7*v + 6*v**2 - v**3 + 4*v**3 + 0*v**3. Give o(k).
-7
Let d(r) be the second derivative of r**5/20 + 7*r**4/12 + 3*r**3/2 + 26*r. Calculate d(-6).
-18
Let d(h) = 12*h - 1. Suppose -3*j = y + 5, 1 + 5 = -2*y - 2*j. What is d(y)?
-25
Let f(r) be the third derivative of -r**5/60 - 5*r**4/12 - 4*r**3/3 - 2*r**2 + 15*r. Determine f(-7).
13
Let l = -7 - -8. Suppose -l = 3*v + 5. Let d(j) = j**3 - 2*j - 3. Calculate d(v).
-7
Let f = 10 + -3. Let n = f + -5. Let m(c) = 39 - 2*c - 37 - 2*c**2 + 2*c. Give m(n).
-6
Let n = -4 - -2. Let v(c) = 9*c + 21 + 20 - 41. Let o(d) = d. Let j(k) = -24*o(k) + 3*v(k). Determine j(n).
-6
Suppose -3*r = -8*r + 30. Let j be 37/5 + r/10. Suppose -p = 2*o - 10, -p - o = p - j. Let y(b) = b**2 + 2*b - 2. Determine y(p).
6
Let o(m) = m**2 - 4*m. Let l be o(4). Let a(y) = -1 + 2*y**2 - 2 - 3*y**2. Give a(l).
-3
Suppose 0 = -o + 5*n + 23, -5*n - 13 = 2*o + 1. Suppose -11 = -2*g - 3. Let v(w) = -5 + 5 - g + 0 + w. What is v(o)?
-1
Let u(h) = 5*h. Suppose r = -10 - 10. Let l be r/(-25)*5/2. Suppose -6*t + l*t - 4 = 0. What is u(t)?
-5
Suppose -4*o - 9 = -3*q - 3*o, 0 = q + 5*o - 3. Suppose q = -3*t - 5*j - 6, -4*j = 0. Let b(g) = -g**2 - 4*g + 1. What is b(t)?
4
Let c(t) = -9*t - 1. Suppose -7*k + 16 - 9 = 0. Give c(k).
-10
Let s(d) = d**2 + 4*d - 8. Let o(v) = 2*v**2 + 7*v - 17. Let b(j) = -2*o(j) + 5*s(j). What is b(-6)?
-6
Suppose -5*b = 2*d + 8, -6*b = -3*b + 4*d + 2. Let f(j) = -j**2 + j + 1. Determine f(b).
-5
Suppose -6 = -5*x + 9. Let z(a) = -9*a - 4. Give z(x).
-31
Let r(o) be the first derivative of -o**2/2 + o + 1. Let g(u) = 4*u - 28. Let v(j) = j - 9. Let f(m) = 2*g(m) - 7*v(m). Let b be f(-6). Calculate r(b).
0
Let r(d) be the third derivative of d**4/24 + d**3/2 - d**2. Let f(x) = -2*x - 48. Let s be f(-24). Give r(s).
3
Let d be 34/6 - 8/(-24). Let n(r) = r - 6. Give n(d).
0
Let v(n) = 4*n - 3. Let z be 2/(-2) - (-16)/(-4). Let p(m) = m + 2. Let q be p(z). Let g(y) = -2*y - 4. Let l be g(q). Calculate v(l).
5
Suppose 2*g - 44 = -18. Suppose -g + 3 = 5*l. Let y(b) = -2*b**2 - 2*b. What is y(l)?
-4
Let x be 0 + (6*-1)/(-2). Let b(c) = 3 + 1 + 7 - 4*c + 0*c**3 - c**x. Let u(j) = -j**2 + 1. Let q(m) = -b(m) + 5*u(m). Give q(4).
-6
Let c(k) = -43*k - k**2 + 47*k + 0*k**2 + 5. What is c(5)?
0
Let z be (-2 + -2)/(-2) - 0. Let q(k) be the third derivative of k**6/60 - k**5/60 + k**4/8 - k**3/3 - 58*k**2. Determine q(z).
16
Let a(z) = z**3 - 6*z**2 + 6*z - 4. Let n(i) = i**2 + 2*i - 4. Let g be n(-3). Let k be g + (-2 - 8*-1). Calculate a(k).
1
Suppose -w = 4*w + 3*s - 5, 0 = w + 3*s - 13. Let y(u) be the first derivative of -u**2 - 2*u - 161. Give y(w).
2
Let p be 130/(-16) + 11/(-352)*-4. Let i(o) = o**3 + 7*o**2 - 9*o + 3. What is i(p)?
11
Let g(h) = h**3 - 4*h**2 + h. Let m = 1 - -4. Suppose -2*q = -5*q + m*v + 3, -3*v + 3 = -3*q. Let d = q + 7. Give g(d).
-6
Let h(w)